{"id":20,"date":"2014-06-01T12:58:47","date_gmt":"2014-06-01T10:58:47","guid":{"rendered":"http:\/\/www.zerocools.net\/web\/?page_id=20"},"modified":"2016-08-02T08:54:46","modified_gmt":"2016-08-02T06:54:46","slug":"ueber-mich","status":"publish","type":"page","link":"http:\/\/www.zerocools.net\/web\/?page_id=20","title":{"rendered":"Hobby"},"content":{"rendered":"<h1>Drohnen, B\u00f6\u00d6\u00f6tchen und Flieger<\/h1>\n<p>&nbsp;<\/p>\n<p>Angefangen hat das NEUE Hobby, nachdem ich meinen Jeep verkauft habe.<\/p>\n<p>Zuerst hab ich mir eine Parrot-AR-Drohne 2.0\u00a0gekauft und musste gleich mal feststellen, dass das Teil &#8222;OUT OFT THE BOX&#8220; nichts taugt. Also erstmal Lager gewechselt &#8211; bessere Propeller dran und auch andere Software f\u00fcr iPad besorgt.<\/p>\n<p>Durch die Parrot lernte ich <a href=\"http:\/\/web.mikrodrohne.de\" target=\"_blank\">Herrn Jan\u00dfen <\/a>aus Eckernf\u00f6rde kennen. Dieser baute dann meine erste richtige Drohne (DJI F550) und danach hat mich das Drohnen Fieber gepackt. Ich habe dann selbst angefangen an Drohnen zu schrauben und durch das Happylab habe ich auch gleich noch weitere Drohnenfans kennengelernt. Einer dieser &#8222;Fans&#8220; ist <a href=\"http:\/\/www.campilot.tv\" target=\"_blank\">Manfred<\/a>. Es ist wirklich lustig sich mit diesen Dingern zu besch\u00e4ftigen, denn man hat immer wieder neue Ideen und kann durch das Happylab diese auch relativ einfach selbst in die Tat umsetzen!<\/p>\n<p><img loading=\"lazy\" decoding=\"async\" class=\"alignleft wp-image-594\" src=\"http:\/\/www.zerocools.net\/web\/wp-content\/uploads\/2014\/09\/4-300x192.jpg\" alt=\"4\" width=\"600\" height=\"385\" srcset=\"http:\/\/www.zerocools.net\/web\/wp-content\/uploads\/2014\/09\/4-300x192.jpg 300w, http:\/\/www.zerocools.net\/web\/wp-content\/uploads\/2014\/09\/4.jpg 1000w\" sizes=\"auto, (max-width: 600px) 100vw, 600px\" \/><\/p>\n<p>Von den Drohnen habe ich nun folgende Modelle:<\/p>\n<ul>\n<li>Blade MQX\u00a0 (Nano Dr\u00f6hnchen f\u00fcr Zwischendurch)<\/li>\n<li>Parrot A.R. Drohne 2.0 (Ipad Drohne getuned mit Kugellagern, besseren Propellern, Motorschutz gefr\u00e4\u00dft, Carbonteile, <strong>&#8230;VERKAUFT<\/strong><\/li>\n<li>DJI F550 mit Naza Light, OSD, GPS, 250mw 5.8GHZ Videosender und Microcamera f\u00fcr FPV, Maytech ESC, 850kv Motoren und 10&#215;4,5 Propeller mit Landegestell<strong>&#8230;FOR SALE<\/strong><\/li>\n<li>Tarot FY 690 Carbon mit Nava V2, GPS, Bluetooth, OSD, Flytrex Core, Tarot Brushless Gimbal, Gopro Hero HD 3 Black, Ortungspieper, 6x20A OPTO ESC Maytech mit SIMONK, 6x650KV Murln von Maytech, Einziehfahrwerk optional, Haube in Carbon Design, Beleuchtung, &#8230;.<\/li>\n<li>EIGENBAU ALIEN 560 mit 360KV Motoren, Vollkarbon Spyder Rahmen &#8211; klappbar, 12&#8243; Carbon Blades, ZeroUAV S2v2, ZeroOSD, Wlan-Modul, Beleuchtung, 3Achs DYS Brushless Gimbal. Das Ding wird mit 6S Akkus betrieben und fliegt etwas \u00fcber 20 Min<\/li>\n<\/ul>\n<p>Flieger<\/p>\n<ul>\n<li>Shark RR von Multiplex<\/li>\n<\/ul>\n<p>Gleich mit Querrudern versehen und am 27.6.2014 mit Manfred den Erstflug gestartet. Bin total stolz, dass ich das Ding nicht gecrashed habe. Schwimmk\u00f6rper ebenfalls dazugenommen\u00a0damit sich das Ding auch auf Wasser wohl f\u00fchlt.<\/p>\n<p><img loading=\"lazy\" decoding=\"async\" class=\"alignnone wp-image-418\" src=\"http:\/\/www.zerocools.net\/web\/wp-content\/uploads\/2014\/06\/WP_20140626_21_57_41_Pro-1024x592.png\" alt=\"WP_20140626_21_57_41_Pro\" width=\"800\" height=\"463\" srcset=\"http:\/\/www.zerocools.net\/web\/wp-content\/uploads\/2014\/06\/WP_20140626_21_57_41_Pro-1024x592.png 1024w, http:\/\/www.zerocools.net\/web\/wp-content\/uploads\/2014\/06\/WP_20140626_21_57_41_Pro-300x173.png 300w, http:\/\/www.zerocools.net\/web\/wp-content\/uploads\/2014\/06\/WP_20140626_21_57_41_Pro.png 1200w\" sizes=\"auto, (max-width: 800px) 100vw, 800px\" \/><\/p>\n<div id='gallery-1' class='gallery galleryid-20 gallery-columns-3 gallery-size-thumbnail'><figure class='gallery-item'>\n\t\t\t<div class='gallery-icon landscape'>\n\t\t\t\t<a href='http:\/\/www.zerocools.net\/web\/?attachment_id=430'><img loading=\"lazy\" decoding=\"async\" width=\"150\" height=\"150\" src=\"http:\/\/www.zerocools.net\/web\/wp-content\/uploads\/2014\/06\/Erstflug-150x150.jpg\" class=\"attachment-thumbnail size-thumbnail\" alt=\"\" aria-describedby=\"gallery-1-430\" \/><\/a>\n\t\t\t<\/div>\n\t\t\t\t<figcaption class='wp-caption-text gallery-caption' id='gallery-1-430'>\n\t\t\t\tErstflug mit Manfred\n\t\t\t\t<\/figcaption><\/figure><figure class='gallery-item'>\n\t\t\t<div class='gallery-icon landscape'>\n\t\t\t\t<a href='http:\/\/www.zerocools.net\/web\/?attachment_id=432'><img loading=\"lazy\" decoding=\"async\" width=\"150\" height=\"150\" src=\"http:\/\/www.zerocools.net\/web\/wp-content\/uploads\/2014\/06\/WP_20140617_12_29_11_Pro-150x150.jpg\" class=\"attachment-thumbnail size-thumbnail\" alt=\"\" aria-describedby=\"gallery-1-432\" \/><\/a>\n\t\t\t<\/div>\n\t\t\t\t<figcaption class='wp-caption-text gallery-caption' id='gallery-1-432'>\n\t\t\t\tShark in der Kiste\n\t\t\t\t<\/figcaption><\/figure><figure class='gallery-item'>\n\t\t\t<div class='gallery-icon landscape'>\n\t\t\t\t<a href='http:\/\/www.zerocools.net\/web\/?attachment_id=415'><img loading=\"lazy\" decoding=\"async\" width=\"150\" height=\"150\" src=\"http:\/\/www.zerocools.net\/web\/wp-content\/uploads\/2014\/06\/WP_20140617_12_32_09_Pro-150x150.jpg\" class=\"attachment-thumbnail size-thumbnail\" alt=\"\" aria-describedby=\"gallery-1-415\" \/><\/a>\n\t\t\t<\/div>\n\t\t\t\t<figcaption class='wp-caption-text gallery-caption' id='gallery-1-415'>\n\t\t\t\tPraktische Transportverpackung\n\t\t\t\t<\/figcaption><\/figure><figure class='gallery-item'>\n\t\t\t<div class='gallery-icon landscape'>\n\t\t\t\t<a href='http:\/\/www.zerocools.net\/web\/?attachment_id=433'><img loading=\"lazy\" decoding=\"async\" width=\"150\" height=\"150\" src=\"http:\/\/www.zerocools.net\/web\/wp-content\/uploads\/2014\/06\/WP_20140617_12_31_12_Pro-150x150.jpg\" class=\"attachment-thumbnail size-thumbnail\" alt=\"\" aria-describedby=\"gallery-1-433\" \/><\/a>\n\t\t\t<\/div>\n\t\t\t\t<figcaption class='wp-caption-text gallery-caption' id='gallery-1-433'>\n\t\t\t\tSchwimmk\u00f6rper f\u00fcr Shark RR\n\t\t\t\t<\/figcaption><\/figure><figure class='gallery-item'>\n\t\t\t<div class='gallery-icon landscape'>\n\t\t\t\t<a href='http:\/\/www.zerocools.net\/web\/?attachment_id=424'><img loading=\"lazy\" decoding=\"async\" width=\"150\" height=\"150\" src=\"http:\/\/www.zerocools.net\/web\/wp-content\/uploads\/2014\/06\/WP_20140626_21_59_29_Pro-150x150.jpg\" class=\"attachment-thumbnail size-thumbnail\" alt=\"\" aria-describedby=\"gallery-1-424\" \/><\/a>\n\t\t\t<\/div>\n\t\t\t\t<figcaption class='wp-caption-text gallery-caption' id='gallery-1-424'>\n\t\t\t\tQuerruderupgrade\n\t\t\t\t<\/figcaption><\/figure><figure class='gallery-item'>\n\t\t\t<div class='gallery-icon landscape'>\n\t\t\t\t<a href='http:\/\/www.zerocools.net\/web\/?attachment_id=423'><img loading=\"lazy\" decoding=\"async\" width=\"150\" height=\"150\" src=\"http:\/\/www.zerocools.net\/web\/wp-content\/uploads\/2014\/06\/WP_20140626_21_59_13_Pro-150x150.jpg\" class=\"attachment-thumbnail size-thumbnail\" alt=\"\" aria-describedby=\"gallery-1-423\" \/><\/a>\n\t\t\t<\/div>\n\t\t\t\t<figcaption class='wp-caption-text gallery-caption' id='gallery-1-423'>\n\t\t\t\tvon Vorne\n\t\t\t\t<\/figcaption><\/figure><figure class='gallery-item'>\n\t\t\t<div class='gallery-icon portrait'>\n\t\t\t\t<a href='http:\/\/www.zerocools.net\/web\/?attachment_id=422'><img loading=\"lazy\" decoding=\"async\" width=\"150\" height=\"150\" src=\"http:\/\/www.zerocools.net\/web\/wp-content\/uploads\/2014\/06\/WP_20140626_21_58_49_Pro-150x150.jpg\" class=\"attachment-thumbnail size-thumbnail\" alt=\"\" aria-describedby=\"gallery-1-422\" \/><\/a>\n\t\t\t<\/div>\n\t\t\t\t<figcaption class='wp-caption-text gallery-caption' id='gallery-1-422'>\n\t\t\t\tInnereien\n\t\t\t\t<\/figcaption><\/figure><figure class='gallery-item'>\n\t\t\t<div class='gallery-icon landscape'>\n\t\t\t\t<a href='http:\/\/www.zerocools.net\/web\/?attachment_id=421'><img loading=\"lazy\" decoding=\"async\" width=\"150\" height=\"150\" src=\"http:\/\/www.zerocools.net\/web\/wp-content\/uploads\/2014\/06\/WP_20140626_21_58_35_Pro-150x150.jpg\" class=\"attachment-thumbnail size-thumbnail\" alt=\"\" aria-describedby=\"gallery-1-421\" \/><\/a>\n\t\t\t<\/div>\n\t\t\t\t<figcaption class='wp-caption-text gallery-caption' id='gallery-1-421'>\n\t\t\t\tInnereien\n\t\t\t\t<\/figcaption><\/figure><figure class='gallery-item'>\n\t\t\t<div class='gallery-icon landscape'>\n\t\t\t\t<a href='http:\/\/www.zerocools.net\/web\/?attachment_id=419'><img loading=\"lazy\" decoding=\"async\" width=\"150\" height=\"150\" src=\"http:\/\/www.zerocools.net\/web\/wp-content\/uploads\/2014\/06\/WP_20140626_21_57_53_Pro-150x150.jpg\" class=\"attachment-thumbnail size-thumbnail\" alt=\"\" aria-describedby=\"gallery-1-419\" \/><\/a>\n\t\t\t<\/div>\n\t\t\t\t<figcaption class='wp-caption-text gallery-caption' id='gallery-1-419'>\n\t\t\t\tHeck\n\t\t\t\t<\/figcaption><\/figure><figure class='gallery-item'>\n\t\t\t<div class='gallery-icon portrait'>\n\t\t\t\t<a href='http:\/\/www.zerocools.net\/web\/?attachment_id=420'><img loading=\"lazy\" decoding=\"async\" width=\"150\" height=\"150\" src=\"http:\/\/www.zerocools.net\/web\/wp-content\/uploads\/2014\/06\/WP_20140626_21_58_21_Pro-150x150.jpg\" class=\"attachment-thumbnail size-thumbnail\" alt=\"\" aria-describedby=\"gallery-1-420\" \/><\/a>\n\t\t\t<\/div>\n\t\t\t\t<figcaption class='wp-caption-text gallery-caption' id='gallery-1-420'>\n\t\t\t\tInnereien\n\t\t\t\t<\/figcaption><\/figure><figure class='gallery-item'>\n\t\t\t<div class='gallery-icon landscape'>\n\t\t\t\t<a href='http:\/\/www.zerocools.net\/web\/?attachment_id=416'><img loading=\"lazy\" decoding=\"async\" width=\"150\" height=\"150\" src=\"http:\/\/www.zerocools.net\/web\/wp-content\/uploads\/2014\/06\/WP_20140618_19_05_01_Pro-150x150.jpg\" class=\"attachment-thumbnail size-thumbnail\" alt=\"\" aria-describedby=\"gallery-1-416\" \/><\/a>\n\t\t\t<\/div>\n\t\t\t\t<figcaption class='wp-caption-text gallery-caption' id='gallery-1-416'>\n\t\t\t\tFailsafe Finger\n\t\t\t\t<\/figcaption><\/figure>\n\t\t<\/div>\n\n<p>Beim Erstflug mit dem Shark hat einer auch seinen Kunstflieger&#8230;<\/p>\n<ul>\n<li>KATANA<\/li>\n<\/ul>\n<p>&#8230;verkauft und ich musste gleich zuschlagen! Mal sehen, wie sich das Ding fliegt&#8230;<\/p>\n<p><img loading=\"lazy\" decoding=\"async\" class=\"alignnone wp-image-427\" src=\"http:\/\/www.zerocools.net\/web\/wp-content\/uploads\/2014\/06\/WP_20140628_08_42_44_Pro-1024x717.png\" alt=\"WP_20140628_08_42_44_Pro\" width=\"800\" height=\"561\" srcset=\"http:\/\/www.zerocools.net\/web\/wp-content\/uploads\/2014\/06\/WP_20140628_08_42_44_Pro-1024x717.png 1024w, http:\/\/www.zerocools.net\/web\/wp-content\/uploads\/2014\/06\/WP_20140628_08_42_44_Pro-300x210.png 300w, http:\/\/www.zerocools.net\/web\/wp-content\/uploads\/2014\/06\/WP_20140628_08_42_44_Pro.png 1200w\" sizes=\"auto, (max-width: 800px) 100vw, 800px\" \/><\/p>\n<ul>\n<li>F4U Corsair 1,7m Spannweite Vollscale Epo Modell von FMS mit Soundmodul, verst\u00e4rkten Fahrwerk und Stahlservos<br \/>\n<div id='gallery-2' class='gallery galleryid-20 gallery-columns-3 gallery-size-thumbnail'><figure class='gallery-item'>\n\t\t\t<div class='gallery-icon landscape'>\n\t\t\t\t<a href='http:\/\/www.zerocools.net\/web\/?attachment_id=605'><img loading=\"lazy\" decoding=\"async\" width=\"150\" height=\"150\" src=\"http:\/\/www.zerocools.net\/web\/wp-content\/uploads\/2014\/10\/SavedPicture-20141015122021-150x150.jpg\" class=\"attachment-thumbnail size-thumbnail\" alt=\"\" \/><\/a>\n\t\t\t<\/div><\/figure><figure class='gallery-item'>\n\t\t\t<div class='gallery-icon landscape'>\n\t\t\t\t<a href='http:\/\/www.zerocools.net\/web\/?attachment_id=606'><img loading=\"lazy\" decoding=\"async\" width=\"150\" height=\"150\" src=\"http:\/\/www.zerocools.net\/web\/wp-content\/uploads\/2014\/10\/SavedPicture-20141015122030-150x150.jpg\" class=\"attachment-thumbnail size-thumbnail\" alt=\"\" \/><\/a>\n\t\t\t<\/div><\/figure><figure class='gallery-item'>\n\t\t\t<div class='gallery-icon landscape'>\n\t\t\t\t<a href='http:\/\/www.zerocools.net\/web\/?attachment_id=604'><img loading=\"lazy\" decoding=\"async\" width=\"150\" height=\"150\" src=\"http:\/\/www.zerocools.net\/web\/wp-content\/uploads\/2014\/10\/SavedPicture-2014101512208-150x150.jpg\" class=\"attachment-thumbnail size-thumbnail\" alt=\"\" \/><\/a>\n\t\t\t<\/div><\/figure><figure class='gallery-item'>\n\t\t\t<div class='gallery-icon landscape'>\n\t\t\t\t<a href='http:\/\/www.zerocools.net\/web\/?attachment_id=603'><img loading=\"lazy\" decoding=\"async\" width=\"150\" height=\"150\" src=\"http:\/\/www.zerocools.net\/web\/wp-content\/uploads\/2014\/10\/SavedPicture-20141015121955-150x150.jpg\" class=\"attachment-thumbnail size-thumbnail\" alt=\"\" \/><\/a>\n\t\t\t<\/div><\/figure><figure class='gallery-item'>\n\t\t\t<div class='gallery-icon portrait'>\n\t\t\t\t<a href='http:\/\/www.zerocools.net\/web\/?attachment_id=602'><img loading=\"lazy\" decoding=\"async\" width=\"150\" height=\"150\" src=\"http:\/\/www.zerocools.net\/web\/wp-content\/uploads\/2014\/10\/SavedPicture-20141015121935-150x150.jpg\" class=\"attachment-thumbnail size-thumbnail\" alt=\"\" \/><\/a>\n\t\t\t<\/div><\/figure><figure class='gallery-item'>\n\t\t\t<div class='gallery-icon landscape'>\n\t\t\t\t<a href='http:\/\/www.zerocools.net\/web\/?attachment_id=601'><img loading=\"lazy\" decoding=\"async\" width=\"150\" height=\"150\" src=\"http:\/\/www.zerocools.net\/web\/wp-content\/uploads\/2014\/10\/SavedPicture-20141015121919-150x150.jpg\" class=\"attachment-thumbnail size-thumbnail\" alt=\"\" \/><\/a>\n\t\t\t<\/div><\/figure>\n\t\t<\/div>\n<\/li>\n<li>AIRCORE ME109 560mm<br \/>\n<img loading=\"lazy\" decoding=\"async\" class=\"alignnone wp-image-630 size-full\" src=\"http:\/\/www.zerocools.net\/web\/wp-content\/uploads\/2015\/01\/me109.jpg\" alt=\"me109\" width=\"500\" height=\"400\" srcset=\"http:\/\/www.zerocools.net\/web\/wp-content\/uploads\/2015\/01\/me109.jpg 500w, http:\/\/www.zerocools.net\/web\/wp-content\/uploads\/2015\/01\/me109-300x240.jpg 300w\" sizes=\"auto, (max-width: 500px) 100vw, 500px\" \/><\/li>\n<li>AIRCORE P51 Mustang 545mm<br \/>\n<img loading=\"lazy\" decoding=\"async\" class=\"alignnone wp-image-629 size-full\" src=\"http:\/\/www.zerocools.net\/web\/wp-content\/uploads\/2015\/01\/p51.jpg\" alt=\"p51\" width=\"500\" height=\"400\" srcset=\"http:\/\/www.zerocools.net\/web\/wp-content\/uploads\/2015\/01\/p51.jpg 500w, http:\/\/www.zerocools.net\/web\/wp-content\/uploads\/2015\/01\/p51-300x240.jpg 300w\" sizes=\"auto, (max-width: 500px) 100vw, 500px\" \/><\/li>\n<\/ul>\n<p>Boot habe ich auch ein kleines um damit den Donau-Oder-Kanal unsicher zu machen&#8230;<\/p>\n<ul>\n<li>Blackjack 9 (getuned auf Lipos)<\/li>\n<\/ul>\n<p><img loading=\"lazy\" decoding=\"async\" class=\"alignnone wp-image-435\" src=\"http:\/\/www.zerocools.net\/web\/wp-content\/uploads\/2014\/06\/b1-blackjack-21.jpg\" alt=\"Blackjack 9\" width=\"800\" height=\"374\" srcset=\"http:\/\/www.zerocools.net\/web\/wp-content\/uploads\/2014\/06\/b1-blackjack-21.jpg 920w, http:\/\/www.zerocools.net\/web\/wp-content\/uploads\/2014\/06\/b1-blackjack-21-300x140.jpg 300w\" sizes=\"auto, (max-width: 800px) 100vw, 800px\" \/><\/p>\n<p>&nbsp;<\/p>\n<p>&nbsp;<\/p>\n<p>&nbsp;<\/p>\n","protected":false},"excerpt":{"rendered":"<p>Drohnen, B\u00f6\u00d6\u00f6tchen und Flieger &nbsp; Angefangen hat das NEUE Hobby, nachdem ich meinen Jeep verkauft habe. Zuerst hab ich mir eine Parrot-AR-Drohne 2.0\u00a0gekauft und musste gleich mal feststellen, dass das Teil &#8222;OUT OFT THE BOX&#8220; nichts taugt. Also erstmal Lager gewechselt &#8211; bessere Propeller dran und auch andere Software f\u00fcr iPad besorgt. Durch die Parrot &hellip; <a href=\"http:\/\/www.zerocools.net\/web\/?page_id=20\" class=\"more-link\"><span class=\"screen-reader-text\">Hobby<\/span> weiterlesen <span class=\"meta-nav\">&rarr;<\/span><\/a><\/p>\n","protected":false},"author":2,"featured_media":427,"parent":0,"menu_order":0,"comment_status":"open","ping_status":"open","template":"","meta":{"footnotes":""},"class_list":["post-20","page","type-page","status-publish","has-post-thumbnail","hentry"],"_links":{"self":[{"href":"http:\/\/www.zerocools.net\/web\/index.php?rest_route=\/wp\/v2\/pages\/20","targetHints":{"allow":["GET"]}}],"collection":[{"href":"http:\/\/www.zerocools.net\/web\/index.php?rest_route=\/wp\/v2\/pages"}],"about":[{"href":"http:\/\/www.zerocools.net\/web\/index.php?rest_route=\/wp\/v2\/types\/page"}],"author":[{"embeddable":true,"href":"http:\/\/www.zerocools.net\/web\/index.php?rest_route=\/wp\/v2\/users\/2"}],"replies":[{"embeddable":true,"href":"http:\/\/www.zerocools.net\/web\/index.php?rest_route=%2Fwp%2Fv2%2Fcomments&post=20"}],"version-history":[{"count":21,"href":"http:\/\/www.zerocools.net\/web\/index.php?rest_route=\/wp\/v2\/pages\/20\/revisions"}],"predecessor-version":[{"id":755,"href":"http:\/\/www.zerocools.net\/web\/index.php?rest_route=\/wp\/v2\/pages\/20\/revisions\/755"}],"wp:featuredmedia":[{"embeddable":true,"href":"http:\/\/www.zerocools.net\/web\/index.php?rest_route=\/wp\/v2\/media\/427"}],"wp:attachment":[{"href":"http:\/\/www.zerocools.net\/web\/index.php?rest_route=%2Fwp%2Fv2%2Fmedia&parent=20"}],"curies":[{"name":"wp","href":"https:\/\/api.w.org\/{rel}","templated":true}]}}